ist the prime factors of 121684589.
13, 17, 550609
List the prime factors of 5122072765.
5, 1024414553
What are the prime factors of 35880595?
5, 73, 197, 499
What are the prime factors of 715004197?
23, 31087139
What are the prime factors of 29364882?
2, 3, 17, 23, 12517
List the prime factors of 330588738.
2, 3, 3511, 5231
What are the prime factors of 93738955?
5, 83, 107, 2111
What are the prime factors of 9135763?
7, 13, 100393
What are the prime factors of 7965364?
2, 11, 181031
What are the prime factors of 2331755567?
41, 56872087
List the prime factors of 49552855.
5, 11, 19, 47419
What are the prime factors of 534598743?
3, 7, 25457083
What are the prime factors of 4178623801?
11, 34534081
List the prime factors of 81956892.
2, 3, 2143, 3187
List the prime factors of 174643900.
2, 5, 1746439
List the prime factors of 918954977.
37, 24836621
List the prime factors of 2518678.
2, 19, 79, 839
What are the prime factors of 2989753156?
2, 13, 269, 213737
What are the prime factors of 528484507?
528484507
List the prime factors of 1431752513.
41, 34920793
List the prime factors of 6713249030.
2, 5, 673, 997511
What are the prime factors of 16849680?
2, 3, 5, 70207
List the prime factors of 13730772.
2, 3, 11, 104021
List the prime factors of 3110591.
11, 83, 3407
List the prime factors of 566576136.
2, 3, 7, 17, 89, 743
What are the prime factors of 70143432?
2, 3, 499, 5857
What are the prime factors of 673389307?
37, 18199711
What are the prime factors of 275814809?
53, 661, 7873
What are the prime factors of 57795662?
2, 911, 31721
What are the prime factors of 201679449?
3, 17, 3954499
List the prime factors of 548791182.
2, 3, 139, 421, 521
What are the prime factors of 136111858?
2, 19, 73, 139, 353
What are the prime factors of 230179663?
7, 32882809
List the prime factors of 250924362.
2, 3, 13, 3216979
What are the prime factors of 225024120?
2, 3, 5, 61, 10247
List the prime factors of 266944950.
2, 3, 5, 79, 2503
List the prime factors of 690005423.
157, 167, 26317
What are the prime factors of 72701304?
2, 3, 13, 43, 5419
What are the prime factors of 271304789?
7, 38757827
List the prime factors of 201426.
2, 3, 59, 569
List the prime factors of 852026682.
2, 3, 13, 43, 19541
What are the prime factors of 35498825?
5, 41, 59, 587
What are the prime factors of 859689981?
3, 2741, 34849
What are the prime factors of 58302177?
3, 191, 101749
List the prime factors of 119470400.
2, 5, 7, 10667
List the prime factors of 2939826903.
3, 13, 23, 3277399
What are the prime factors of 498677432?
2, 11, 5666789
List the prime factors of 76255931.
17, 4485643
What are the prime factors of 201977?
17, 109
List the prime factors of 53357096.
2, 13, 139, 3691
What are the prime factors of 8814654?
2, 3, 67, 7309
List the prime factors of 17195223.
3, 73, 78517
List the prime factors of 33743246.
2, 41, 411503
What are the prime factors of 141066710?
2, 5, 109, 129419
List the prime factors of 246242886.
2, 3, 29, 89, 15901
List the prime factors of 667565793.
3, 53, 155501
List the prime factors of 966832387.
966832387
List the prime factors of 1187455620.
2, 3, 5, 13, 31, 49109
What are the prime factors of 165029801?
19, 881, 9859
What are the prime factors of 1427931404?
2, 7121, 50131
List the prime factors of 5375608863.
3, 1791869621
List the prime factors of 170374215.
3, 5, 11, 1032571
What are the prime factors of 414671011?
414671011
What are the prime factors of 30167348?
2, 733, 10289
What are the prime factors of 239942927?
7, 34277561
List the prime factors of 172395331.
4519, 38149
What are the prime factors of 7841007507?
3, 2613669169
What are the prime factors of 12666081?
3, 1193, 3539
List the prime factors of 1451550359.
7, 207364337
List the prime factors of 801813833.
23, 1697, 20543
What are the prime factors of 311294631?
3, 97, 1069741
List the prime factors of 4294877056.
2, 33553727
List the prime factors of 8524547.
8524547
List the prime factors of 838497955.
5, 83, 2020477
List the prime factors of 1393234691.
53, 26287447
What are the prime factors of 104643231?
3, 7, 11, 139, 3259
What are the prime factors of 3354455147?
17, 197320891
What are the prime factors of 1032694281?
3, 73, 1571833
List the prime factors of 39829060.
2, 5, 139, 14327
What are the prime factors of 205162586?
2, 257, 399149
What are the prime factors of 300744377?
10831, 27767
List the prime factors of 217575252.
2, 3, 6043757
What are the prime factors of 195756315?
3, 5, 13050421
What are the prime factors of 1171939143?
3, 67, 569, 10247
List the prime factors of 1502096116.
2, 1153, 325693
List the prime factors of 55333033.
7, 7904719
List the prime factors of 442465986.
2, 3, 73744331
What are the prime factors of 46404330?
2, 3, 5, 7, 220973
List the prime factors of 102893335.
5, 1931, 10657
List the prime factors of 4597669040.
2, 5, 17, 1579, 2141
List the prime factors of 264168192.
2, 3, 29, 409
List the prime factors of 285564221.
41, 113, 61637
What are the prime factors of 2453448874?
2, 17, 6037, 11953
What are the prime factors of 37121226?
2, 3, 6186871
List the prime factors of 50976899.
41, 113, 11003
List the prime factors of 1742454689.
113, 263, 58631
What are the prime factors of 87580511?
87580511
What are the prime factors of 40777961?
7, 2039, 2857
List the prime factors of 389352219.
3, 31, 137, 30559
What are the prime factors of 6942793190?
2, 5, 5639, 123121
What are the prime factors of 52864272?
2, 3, 79, 1549
List the prime factors of 149977171.
149977171
List the prime factors of 352324949.
17, 419, 49463
List the prime factors of 13662137.
313, 43649
List the prime factors of 87014205.
3, 5, 19, 101771
List the prime factors of 910537748.
2, 17, 13390261
List the prime factors of 116657906.
2, 58328953
List the prime factors of 182050539.
3, 11, 73, 75571
What are the prime factors of 122126873?
11, 59, 17107
List the prime factors of 120433249.
83, 1451003
What are the prime factors of 30502416?
2, 3, 7, 23, 3947
What are the prime factors of 8208829?
43, 349, 547
List the prime factors of 46214868.
2, 3, 7, 550177
What are the prime factors of 343766072?
2, 13, 401, 8243
What are the prime factors of 121655819?
121655819
What are the prime factors of 478400155?
5, 43, 313, 7109
What are the prime factors of 236029688?
2, 29503711
List the prime factors of 112664124.
2, 3, 3129559
List the prime factors of 2777818759.
2777818759
What are the prime factors of 54161502?
2, 3, 29, 97, 3209
List the prime factors of 1247999327.
1247999327
What are the prime factors of 137251460?
2, 5, 6862573
List the prime factors of 212058691.
13, 101, 161507
What are the prime factors of 368458253?
29, 1103, 11519
What are the prime factors of 1411054412?
2, 877, 402239
What are the prime factors of 1975422665?
5, 919, 429907
List the prime factors of 111841311.
3, 227, 164231
List the prime factors of 45740563.
11, 4158233
What are the prime factors of 55021645?
5, 7, 1572047
List the prime factors of 365138368.
2, 7, 397, 2053
List the prime factors of 524831574.
2, 3, 71, 1231999
List the prime factors of 60624508.
2, 7, 499, 4339
List the prime factors of 535907622.
2, 3, 2129, 41953
List the prime factors of 98113048.
2, 11, 37, 30133
What are the prime factors of 47854002?
2, 3, 7, 29, 101, 389
What are the prime factors of 961248870?
2, 3, 5, 733, 1619
What are the prime factors of 234921302?
2, 7, 11, 1069, 1427
List the prime factors of 225980353.
449, 503297
List the prime factors of 521382365.
5, 7, 14896639
What are the prime factors of 31346480?
2, 5, 11, 179, 199
List the prime factors of 1186030490.
2, 5, 9689, 12241
List the prime factors of 11572470.
2, 3, 5, 7, 13, 157
What are the prime factors of 1374141473?
29389, 46757
List the prime factors of 625737804.
2, 3, 52144817
List the prime factors of 95975902.
2, 11, 151, 167, 173
What are the prime factors of 534547959?
3, 11, 16198423
List the prime factors of 62913213.
3, 11, 47, 4507
List the prime factors of 337341494.
2, 7, 1301, 18521
List the prime factors of 1507735792.
2, 37, 181, 14071
List the prime factors of 367495589.
367495589
What are the prime factors of 500431564?
2, 173, 723167
What are the prime factors of 72899401?
523, 13